is 1 + -108?
-107
In base 2, what is 1 + -11011?
-11010
In base 9, what is -10720 + 2?
-10717
In base 15, what is 50 + 10?
60
In base 15, what is 142 - 9?
138
In base 5, what is -24 + 3113?
3034
In base 15, what is -5 - 73?
-78
In base 2, what is -11001000010 - -1001?
-11000111001
In base 2, what is 1111100011 + -10?
1111100001
In base 16, what is f7 + -2?
f5
In base 3, what is 2010 + 11?
2021
In base 6, what is 34055 - -4?
34103
In base 15, what is 5 + -19e?
-199
In base 3, what is 110 - 110010?
-102200
In base 5, what is -1111 - -214?
-342
In base 10, what is -5 + 458?
453
In base 3, what is -1202 + -22?
-2001
In base 9, what is -33 + 24?
-8
In base 6, what is -254 + 233?
-21
In base 8, what is -4 - 1000?
-1004
In base 13, what is 44 + -14?
30
In base 13, what is 2 - -55c?
561
In base 13, what is 34 + -3a?
-6
In base 12, what is 1690 - 2?
168a
In base 11, what is -1 - 258?
-259
In base 11, what is 23 - a?
14
In base 15, what is 70 - -1c?
8c
In base 15, what is 338 + 5?
33d
In base 4, what is 2 - -301202?
301210
In base 3, what is -2112 + 100?
-2012
In base 10, what is 3 + -19?
-16
In base 16, what is -16 + -6?
-1c
In base 7, what is -254 + -234?
-521
In base 10, what is 15 + -292?
-277
In base 11, what is 12 + -24?
-12
In base 4, what is 11 - 21210?
-21133
In base 13, what is -2331c + 0?
-2331c
In base 15, what is 4 - -43?
47
In base 11, what is 92 + -4?
89
In base 11, what is -2 - 574?
-576
In base 4, what is 11 + -120?
-103
In base 8, what is -6 + 16?
10
In base 10, what is 2 - 183?
-181
In base 11, what is -4 + 218?
214
In base 13, what is -20 - -45?
25
In base 14, what is 13 - 7?
a
In base 11, what is 2 - 2621?
-261a
In base 12, what is 153 - 2?
151
In base 11, what is -38 - -46?
9
In base 14, what is 2 + -3?
-1
In base 16, what is -67 + -13?
-7a
In base 13, what is -55 + -c0?
-145
In base 13, what is 12 - -13?
25
In base 10, what is -106 + -2?
-108
In base 11, what is 205 - 1?
204
In base 12, what is -37 + -10?
-47
In base 15, what is -67 - 4?
-6b
In base 11, what is -498 - -9?
-48a
In base 12, what is 3 + -404?
-401
In base 3, what is -222221 - -10?
-222211
In base 5, what is 1 + 13041?
13042
In base 2, what is 10110010111 - 10000?
10110000111
In base 5, what is 23132 - 3?
23124
In base 13, what is -2472 - -3?
-246c
In base 4, what is -1313 + -2?
-1321
In base 9, what is 2 - 530?
-527
In base 7, what is 4 - 1622?
-1615
In base 3, what is 0 - 1101?
-1101
In base 16, what is 1f8 - -5?
1fd
In base 14, what is 400 - 1?
3dd
In base 8, what is -11 + 1224?
1213
In base 2, what is 11011 + 100011?
111110
In base 4, what is 3 + 2001?
2010
In base 4, what is 12321 - -2?
12323
In base 3, what is -20201212 + -10?
-20201222
In base 11, what is -1 + -6a1?
-6a2
In base 14, what is -a4 - -79?
-29
In base 11, what is -94 - -1?
-93
In base 10, what is -37 - 137?
-174
In base 13, what is -1 + 159b?
159a
In base 8, what is -277 + 13?
-264
In base 5, what is 131313 + -3?
131310
In base 8, what is -33536 - 0?
-33536
In base 15, what is 18 + -60?
-47
In base 7, what is 6652 - 5?
6644
In base 15, what is 11 - -10?
21
In base 3, what is -2020221 + 1?
-2020220
In base 13, what is -3 - -36?
33
In base 9, what is 4 - 4185?
-4181
In base 3, what is 2 + -100002?
-100000
In base 6, what is 105 - -13?
122
In base 3, what is 101012 + 20?
101102
In base 16, what is b6c - 3?
b69
In base 8, what is -1 + -275?
-276
In base 4, what is -10312213 - -3?
-10312210
In base 9, what is -1 - -55?
54
In base 6, what is -2 + 14?
12
In base 3, what is 122 + 20?
212
In base 10, what is -468 + -7?
-475
In base 9, what is 0 - 85?
-85
In base 8, what is -5644 + -5?
-5651
In base 14, what is 5 - -3d7?
3dc
In base 9, what is 2 - 16?
-14
In base 10, what is -3 - 16?
-19
In base 15, what is 1 - -3c?
3d
In base 13, what is -1 + 32?
31
In base 3, what is -2 + 1122?
1120
In base 8, what is -641 - -14?
-625
In base 6, what is -2243 + -1?
-2244
In base 11, what is -4 - -2925?
2921
In base 7, what is 5 - -25414?
25422
In base 8, what is 162 + -14?
146
In base 16, what is -2 - -15d?
15b
In base 13, what is 1 - -31?
32
In base 3, what is -10 - -1011?
1001
In base 10, what is -4794 - -3?
-4791
In base 5, what is -224424 + 0?
-224424
In base 6, what is 4 - -1153?
1201
In base 13, what is 6 + 112?
118
In base 3, what is -200211 + 22?
-200112
In base 8, what is 166 + 2?
170
In base 14, what is 1 + 540?
541
In base 6, what is -2133 + 1?
-2132
In base 15, what is -155 + -3?
-158
In base 12, what is -339 - 1?
-33a
In base 12, what is 1 + 1087?
1088
In base 9, what is 8 - 26?
-17
In base 3, what is 0 - 101?
-101
In base 7, what is 423 - -26?
452
In base 16, what is -7 + 11b?
114
In base 6, what is 23 + 22?
45
In base 13, what is -5 + 12?
a
In base 16, what is 0 - be?
-be
In base 10, what is -1 - 92?
-93
In base 2, what is -1101 + 1110?
1
In base 14, what is -3 - -9b?
98
In base 4, what is -3020 + -3?
-3023
In base 12, what is 0 + 1a?
1a
In base 4, what is 13323 + -11?
13312
In base 8, what is 5 - -147?
154
In base 13, what is 110 + -3?
10a
In base 7, what is 6524 + -1?
6523
In base 16, what is 0 - 112?
-112
In base 14, what is 2 + -11?
-d
In base 5, what is 101 + -33?
13
In base 12, what is -817 - -5?
-812
In base 4, what is -11 + -12332?
-13003
In base 5, what is 0 - 14240?
-14240
In base 5, what is 34322 + -1?
34321
In base 9, what is 4 - 45?
-41
In base 15, what is 2 - -82?
84
In base 12, what is -19 + 5?
-14
In base 16, what is 19ca - -4?
19ce
In base 2, what is -10000111010 - 10?
-10000111100
In base 4, what is 21 + 2231?
2312
In base 16, what is -1 - 2d?
-2e
In base 15, what is -21 - 16?
-37
In base 2, what is 10111 - 11?
10100
In base 7, what is 232 + -3?
226
In base 13, what is -36 + -1?
-37
In base 15, what is -5 - 4?
-9
In base 12, what is -113 - 0?
-113
In base 11, what is -36 + -50?
-86
In base 13, what is -7a + 5?
-75
In base 12, what is 0 - -10?
10
In base 5, what is 1 + -1020?
-1014
In base 13, what is -3 + 22?
1c
In base 2, what is 10 + -101010?
-101000
In base 6, what is 1001 - 15?
542
In base 9, what is 3 + 1573?
1576
In base 3, what is 1 + -12221?
-12220
In base 3, what is -1222000 - 12?
-1222012
In base 2, what is 11011 + -1101?
1110
In base 15, what is 3 + 4a?
4d
In base 7, what is 1631 - -11?
1642
In base 9, what is -272 - 4?
-276
In base 4, what is 11 - -131?
202
In base 10, what is 41 - 11?
30
In base 15, what is -5 + 7d?
78
In base 16, what is -b7 + 6?
-b1
In base 6, what is 101 - -2314?
2415
In base 15, what is 5 + de?
e4
In base 15, what is 17 - 1d?
-6
In base 4, what is -2200 - -1?
-2133
In base 2, what is 10110111 + 0?
10110111
In base 2, what is 0 + -10010111?
-10010111
In base 12, what is 443 - -3?
446
In base 15, what is -6 + c1a?
c14
In base 6, what is -22150 - 2?
-22152
In base 11, what is -24636 - 2?
-24638
In base 3, what is 102202 - 11?
102121
In base 10, what is 9 - 140?
-131
In base 15, what is 3 - -97b?
97e
In base 12, what is 2 + 19?
1b
In base 5, what is 431 + 11?
442
In base 7, what is -4 - -2650?
2643
In base 11, what is -1 + 60?
5a
In base 5, what is 343 - 14?
324
In base 12, what is -2 + 5b6?
5b4
In base 5, what is 0 + -11111?
-11111
In base 2, what is -1010 + -10010?
-11100
In base 4, what is -10 + 212002?
211332
In base 4, what is -130 - 3?
-133
In base 15, what is -121 - -2?
-11e
In base 15, what is 5 - 3b?
-36
In base 10, what is -72 - -3?
-69
In base 2, what is 10011 + 111001010?
111011101
In base 16, what is -35 + 0?
-35
In base 14, what is 823 - -5?
828
In base 16, what is -291 + 4?
-28d
In base 13, what is 76 + 4?
7a
In base 12, what is 2 + -10?
-a
In base 12, what is -2 - 100?
-102
In base 2, what is 10 - -111101100?
111101110
In base 6, what is -2 + 11511?
11505
In base 3, what is 1 - -100?
101
In base 8, what is 15 - -130?
145
In base 7, what is -3 + 1325?
1322
In base 2, what is 1010 + 10000101?
10001111
In base 8, what is 2 + 16?
20
In base 3, what is -1 + -11020?
-11021
In base 14, what is -149 - -5?
-144
In base 15, what is -3a + -b0?
-ea
In base 16, what is -2db - -e?
-2cd
In base 7, what is -5 + 262?
254
In base 3, what is 110100010 - 12?
110022221
In base 10, what is -89 - 0?
-89
In base 13, what is 6c6 + -5?
6c1
In base 4, what is -30110 + 10?
-30100
In base 11, what is 9 - 2?
7
In base 10, what is 11 - 0?
11
In base 6, what is -3100 - -5?